 1)) - 8.
-19
Calculate -20 + 0 + 0 - (-173362 - -173355).
-13
Evaluate (-3 - -6) + (9 - 1) + (370 - 348).
33
What is -1199 + 1197 + -4 + -99?
-105
(44 - 47 - -76) + -13 + -1 + -7 + 11
63
-46 - (-10 + (15 - 16 - -10) + 8)
-53
What is 321 + -235 + -64 + (-32 - (-1 + 1))?
-10
Evaluate 92 + 3 + 1 + (-3261 - -3278).
113
(1 - -3) + 12 + (7 - 13) - (2 + -107)
115
What is the value of (-3 - -8 - -7) + 17 + 28 + -72 + 63?
48
What is (-86 - (114 + -198)) + -47?
-49
Calculate (34 - 45) + (-3 - (1 + -6) - -3) + 9.
3
Evaluate 2 + -31 - (-5 + (-51 - -27)).
0
What is (-113 + 72 - (-22 + 6 + -4)) + -40?
-61
What is the value of (-61 - -179) + -209 + 18?
-73
Evaluate -90 + -7 + (9 - (-4 + 6 + -13)).
-77
What is the value of 21 - -1 - (94 - (56 + 43)) - 11?
16
-54 + 26 + 20 + 23
15
What is -21 + 35 + -17 + 50 + -5?
42
What is 8 - -20 - (-193 + 206)?
15
Calculate -38 + -15 + -40 + 55.
-38
What is the value of -71 + 4 + -4 + 26?
-45
What is the value of 5 + (90 - 36) - 46 - (34 + (-1 - -1))?
-21
What is the value of 15 + -9 - 8 - ((10 - (-2 - -71)) + -8)?
65
Evaluate -168 + 241 + 11 + (-6 - -9).
87
Evaluate (-18 - -4) + 29 + 10 + -25.
0
Evaluate 50 - (55 - 0) - -26.
21
What is the value of 65 + (54 - 88) - 20?
11
Evaluate (2 - 73) + (-20 - -8) + (-10 - -18).
-75
What is -53 - (-72 + (-94 - -117))?
-4
Evaluate -87 - -91 - (7 + (-2 - 0) + 0).
-1
Calculate -21 + -8 + 83 + -7.
47
Evaluate -52 + -14 - (178 - 124).
-120
Calculate 33 + (-19 - -35 - (13 + (3 - 8))).
41
16 - 2 - (-6 + -26 - -6)
40
What is the value of 1796 + -1773 - (0 + -2 + -49)?
74
What is the value of -7 + (109 - (-10 - (-19 - -8)))?
101
Evaluate (-13 + -32 - 0 - -218) + -31.
142
What is the value of -11 - (-46 + 59 + 29)?
-53
5 - (-21 - (-4 + -3 + -10))
9
84 + (-13 + 19 - (0 + -4 + 4))
90
Evaluate -23 + 86 + -121 - (-7 + -1) - -4.
-46
Calculate -64 + -132 - -102 - -201.
107
Calculate 3 - (17 - 10 - ((19 - 99) + 0 + -9)).
-93
(-1 - -3 - -86) + -14 + 13 + (-2 - -12)
97
Evaluate 16 - 28 - (-62 + 101 + (10 - 1) + -10).
-50
31 - ((7 + 0 - (64 - 48)) + 1)
39
Calculate -1 - -2 - (4 + (9 - 1)) - -11.
0
Evaluate 19 + -51 + 80 - 45.
3
What is the value of 4 - (5 - 8) - (-15 + 8 + -58)?
72
What is the value of 1 + (195 - 190) + -65 + -6 + 3 + 1?
-61
What is the value of (3 + 3 - 36) + (97 - -8)?
75
Evaluate 9 + (26 - -3 - -9 - 0).
47
What is the value of -65 - (-24 - 26) - 11?
-26
Evaluate (155 - (45 + 123)) + -60.
-73
Evaluate -2 - 109 - (0 - (0 - 5 - -9) - 11).
-96
Evaluate (30 - (-90 + (-25 - -47))) + -1 + -3.
94
What is (1 - ((-1 - 1) + 1) - 11) + -1439 + 1433?
-15
What is the value of 1779 + -1819 + -1 + -32?
-73
What is the value of 4 + (-6 - -3) + -19 + (5941 - 5805)?
118
Evaluate (-2 - 3) + (-20 + 8 + 11 - -2).
-4
76 + (-31 - 21) - 86
-62
1 + -8 - -1 - -18 - (-32 - -75)
-31
What is 120 + (85 - 41) + -51 - -17?
130
What is (104 + -21 - -199) + -154?
128
Evaluate -1401 + 1374 - (0 + -73).
46
What is ((87 - 76) + (2 - -1) - 24) + -7 + -3?
-20
What is the value of 27 + -58 - -32 - (14 - 7 - -5)?
-11
Evaluate -3 - -54 - (2105 - 2059).
5
What is the value of -40 - (-32 + -30 + 36) - 57?
-71
Calculate -13 + -27 - (-70 - (32 + -1)).
61
Evaluate (0 - 37) + (89 - (126 + 13)).
-87
Calculate (-29 - 2) + (-18 - ((6 - 32) + 15)).
-38
Calculate 62 - (8 + 6) - -3 - 23 - 9.
19
Evaluate (-26 - -9) + (16 - 59 - 13).
-73
Evaluate -3 - (-12 - (-2 - (12 + 4 + -52))).
43
Calculate (8 - 4 - -96) + 7901 + -7944.
57
What is -15 + (-1 - -4) + -4 + 2 + (4164 - 4246)?
-96
What is the value of -46 + (-1 - -4) - (1 + (-2 - 1))?
-41
What is 23 + (-16 - -11 - 17 - 49)?
-48
What is the value of -7 + (-1 - -10) + -20 + -10 + 26 + -7?
-9
What is -14 + -1 - (1 - 2 - 94) - (4 - -3)?
73
Calculate (-36 + 1 - (112 - 113)) + 3 - 12.
-43
What is -1588 + 1571 + (74 - 0)?
57
Evaluate -33 + 27 + -29 + 113.
78
(31 - 46) + 9 + -9 + 9 + -59
-65
Evaluate (43 - -3) + 23 + -12 + -22.
35
What is the value of 2 + (3 - 17 - 14 - -8)?
-18
What is the value of -42 - -4 - (10 + (27 - 29)) - -8?
-38
Calculate 54 + (7 - (9 + 2)) - (13 - (-8 - -27)).
56
(-13 - -58) + -103 + -2 + 16 + -1
-45
Calculate 53 + (17 + -15 - (1 + 8)) + 15.
61
Calculate -123 + ((-11 - 3) + (-54 - -36) + 31 - 9).
-133
Calculate 2 - 3 - (-21 + 8 + 1 - -6) - 23.
-18
Evaluate -3 - ((-191 + 186 - (1 - 13)) + -48).
38
Calculate (-168 - -60 - -183) + -81.
-6
Calculate 40 + -48 - 37 - -99.
54
Evaluate 36 - (16 + (-12 - (21 - 32) - 5)).
26
(-110 - 57) + 156 + 1 + 69
59
What is the value of (13 - 32) + (-19 - -74)?
36
-12 + 26 + 17 - (1 - -11) - 2
17
What is 3 - 5 - (2 - 3 - 0) - (1535 - 1525)?
-11
What is the value of 11 - (8 - (2 - 2) - (65 + -30 + -34))?
4
What is 0 + -3 + 75 + (-112 - 9) + 133?
84
What is the value of -18 - (37 - 21) - (-145 + 117)?
-6
What is the value of (8 - (-22 - -10)) + 33?
53
What is -20 + -32 + 27 + -1 + 1 + 0?
-25
Evaluate -5211 + 5123 + (8 - 0).
-80
Calculate (-8 + -10 - (-6 + 2)) + (-785 - -711).
-88
(-7 + 1 - (-81 + 85)) + 18 + -61
-53
Evaluate (-2 - -30) + -43 - (-48 + 2).
31
(30 - 38) + -5 - -28 - (0 - -32)
-17
Calculate 17 - -4 - (-1316 + 1262).
75
What is (33 - (-43 - -73)) + 57?
60
Evaluate -4 + 83 + -4 - (-40 + 7 - -49).
59
What is the value of 73 + (-198 - -118 - -36)?
29
What is the value of -9 + -9 - -23 - (11 + 9 + -14)?
-1
Calculate -5 + (-7 - -4) + 6 + -8 + -7 + 24.
7
What is the value of 50 - (-46 + 108) - -14?
2
What is the value of 8 + 7 + -21 - (-14 + 2 - -6)?
0
What is the value of (124 - 140) + 5 + 1 + -105?
-115
Evaluate (71 - (77 - 61)) + (-5 - 0).
50
Evaluate -10 + (-8 - 18 - -101 - 19).
46
-1 + 39 + 5957 + -5917
78
What is the value of (-2 + 7 + -4 - -14) + -102 + (44 - 45)?
-88
What is -7 + -1 + -127 + 66 + 1?
-68
Evaluate (-23 - (-12 - 17) - 0) + 1 + 6.
13
What is 1 + -1 - -92 - (42 - 58 - -13)?
95
What is the value of -4 + 7 + -31 - (-634 - -599)?
7
Calculate -36 + (21 - 12) + 8 - 14.
-33
What is the value of (0 - (-55 + 5)) + 12 + (14 + -21 - 1)?
54
-64 - (20 - (62 + 10))
-12
Evaluate 4 + 9 + -29 + -6 - -77.
55
(-4 - -28) + -10 - -35 - 3
46
Evaluate 76 - (-34 - (48 - 216)).
-58
Evaluate -55 - -5 - (16 - 58) - (-71 - -2).
61
What is the value of -8 - -80 - 81 - (3 + -1)?
-11
Evaluate 11 + (36 - (-50 - -43)).
54
Evaluate 44 + -37 + 17 - (1 + 20).
3
(19 - (-10 - -4)) + -3 + 3
25
What is the value of 128 + -58 + (-39 - 1 - 0)?
30
3 + -19 - (-5 + (5 - 14) + 4)
-6
What is 1 + (-14 - -1) + (-12 - -15 - (-2 - 53))?
46
What is 3046 + -3061 + (0 + -53 - -1)?
-67
Evaluate ((18 - 6) + -9 - -4) + 14 + -3.
18
What is 14 + -5 + (-10 - -34) + -17?
16
Evaluate -9 - (-1 - -2) - (855 + -847).
-18
Evaluate -51 + 124 + -215 - -133.
-9
Calculate -1 + -20 + 8 + 1 + 1 + 8.
-3
What is the value of -88 - (-28 - (9 - 0 - -1 - 10) - -13)?
-73
What is the value of (65 - (79 - -37)) + 38?
-13
What is the value of 13 - (-126 - (-36 + -42))?
61
What is the value of -5 + (5 + -3 - 16 - (-135 - -150))?
-34
What is 3 + (9 - 20 - -23) + 4?
19
What is the value of (-4 + 4 + -1 - -9) + -483 + 464?
-11
-3 - (5 + 4) - (-10 + -35 + 61)
-28
What is -5 - (-18 - -4) - (-1 - -18)?
-8
What is -10 + 2 + 118 + -121 + -2 - 10?
-23
What is 25 - (15 - 23) - 190 - -34?
-123
Calculate (24 - 1) + -53 + -11 + -12.
-53
4 - -5 - 6 - (-35 + 79)
-41
Evaluate 9 + -24 + 312 + -250.
47
What is the value of (0 - -9) + 38 + 20 + -66?
1
What is the value of -2 - (-2 + 4) - (-2 + -35 - (65 + -64))?
34
Calculate -100 - -2 - (230 - 279).
-49
What is -97 + ((39 - 10) + -35 - (-2 - 5) - -13)?
-83
What is the value of 21 + 28 + 29 + -29?
49
Evaluate (-49 - -48 - (-5 + 2)) + -44.
-42
-70 - (38 - (-29 + 28))
-109
What is the value of 40 - (37 - (81 - 42))?
42
Evaluate -23 + (50 - -27) - 6.
48
What is the value of 8 - -50 - 71 - (0 + -4 + 2)?
-11
What is the value of -28 - (-15 - 11) - (-6 - (0 - -4))?
8
Evaluate -545 + 489 - (4 - -4).
-64
(-8 + -4 + -11 - -3) + -47
-67
Evaluate 128 + (-29 - (-30 + -7)) + (-2 - 6) + -1.
127
Calculate 39 - (-22 - (-75 - -39)).
25
What is 54 - (8 + (11 - (3 - 8)))?
30
Evaluate 16 + -89 + 37 + 6.
-30
-10 + 47 + -41 - ((4 - 3) + -2 - -35)
-38
What is the value of (42 - 24 - 92) + 51?
-23
Calculate -17 + 0 + -74 + (28 - -26).
-37
Calculate 12 + 42 + -29 + -13 - 28.
-16
What is (80 - 57) + -55 + 5?
-27
Calculate 5 + 12 + -31 + 11 - -24.
21
-16834 - -16928 - (-52 - -1)
145
What is